se
Does 12 divide 66358068?
True
Is 8 a factor of 91382232?
True
Is 89795305 a multiple of 5?
True
Is 118142548 a multiple of 10?
False
Is 34034 a multiple of 154?
True
Does 989 divide 83163032?
True
Is 6970562 a multiple of 644?
False
Is 352 a factor of 130280890?
False
Does 70 divide 385920380?
False
Is 127 a factor of 3454596?
False
Does 14 divide 852779858?
True
Is 5 a factor of 42906209?
False
Is 231954480 a multiple of 90?
True
Does 87 divide 4954270293?
False
Does 4 divide 42234463?
False
Is 46 a factor of 29036440?
False
Does 44 divide 134704284?
True
Is 355813881 a multiple of 16?
False
Is 19 a factor of 7085974?
True
Is 1568729140 a multiple of 1030?
True
Is 53 a factor of 2509338?
True
Is 8 a factor of 88895014?
False
Is 614 a factor of 17140037?
False
Is 924797 a multiple of 53?
True
Is 10202460 a multiple of 20?
True
Is 974589836 a multiple of 11?
True
Is 681970380 a multiple of 1131?
True
Does 23 divide 464283635?
True
Is 25552398 a multiple of 335?
False
Does 13 divide 10539282?
True
Is 425664190 a multiple of 238?
True
Does 170 divide 1626193596?
False
Is 86 a factor of 33100170?
False
Does 31 divide 405168884?
True
Is 1021549263 a multiple of 207?
False
Is 111 a factor of 35359290?
False
Is 2440 a factor of 1324976?
False
Does 1486 divide 59228206?
False
Is 8 a factor of 1216308120?
True
Does 182 divide 19772967?
False
Is 9 a factor of 607664007?
True
Does 24 divide 10869144?
True
Does 660 divide 607321184?
False
Is 75873933 a multiple of 7?
False
Is 244 a factor of 275743424?
True
Is 232643062 a multiple of 1818?
False
Is 170 a factor of 77238541?
False
Is 112645060 a multiple of 178?
False
Does 365 divide 645394460?
True
Does 1177 divide 27459410?
True
Is 19 a factor of 61125462?
False
Is 1507085435 a multiple of 859?
True
Does 30 divide 51308910?
True
Is 345 a factor of 312710030?
False
Does 22 divide 23292184?
False
Does 2897 divide 1709934904?
False
Does 86 divide 612450032?
True
Does 24 divide 57809957?
False
Is 94 a factor of 909622678?
True
Does 353 divide 580148057?
False
Is 296756435 a multiple of 262?
False
Is 3922055 a multiple of 35?
False
Is 8 a factor of 838179312?
True
Is 4465594 a multiple of 238?
True
Is 27159636 a multiple of 313?
True
Does 100 divide 138686169?
False
Is 334554510 a multiple of 128?
False
Is 84442685 a multiple of 25?
False
Is 179452368 a multiple of 37?
True
Is 62 a factor of 106391955?
False
Is 51 a factor of 43408978?
False
Is 61883543 a multiple of 231?
False
Is 108311229 a multiple of 4023?
True
Is 96738708 a multiple of 787?
False
Is 59031540 a multiple of 10?
True
Does 48 divide 32381695?
False
Is 77362722 a multiple of 318?
True
Does 614 divide 3252944?
False
Is 2260277022 a multiple of 4681?
True
Is 5609091389 a multiple of 11?
True
Does 149 divide 17047388?
True
Is 366336 a multiple of 12?
True
Is 14 a factor of 378734069?
False
Is 50 a factor of 1286616839?
False
Does 80 divide 130559280?
True
Is 77366116 a multiple of 259?
False
Does 194 divide 680439?
False
Is 171 a factor of 36814419?
True
Is 43126573 a multiple of 61?
True
Does 36 divide 33857583?
False
Does 38 divide 510697884?
True
Is 2726 a factor of 125068751?
False
Does 928 divide 1655199270?
False
Is 239 a factor of 38858185?
False
Does 267 divide 58118691?
True
Does 24 divide 27661392?
True
Does 353 divide 415703389?
False
Does 5 divide 1370903140?
True
Is 4631289 a multiple of 39?
True
Is 4078 a factor of 158162149?
False
Does 11 divide 314844695?
True
Is 3963840516 a multiple of 54?
True
Does 215 divide 6053816705?
True
Is 13 a factor of 117205243?
False
Does 40 divide 23720200?
True
Does 9 divide 42861713?
False
Does 317 divide 2391888881?
False
Is 1491271902 a multiple of 666?
True
Is 12 a factor of 444124672?
False
Is 66 a factor of 23948430?
True
Is 516 a factor of 47040277?
False
Is 127 a factor of 48683164?
True
Does 4584 divide 1900759933?
False
Does 103 divide 18162814?
True
Is 14555744 a multiple of 98?
True
Does 7045 divide 154468670?
True
Is 157 a factor of 250313735?
True
Is 736326 a multiple of 3?
True
Is 4835022840 a multiple of 24?
True
Does 2394 divide 640391686?
False
Does 193 divide 101993448?
False
Does 1528 divide 117335120?
True
Is 4175536 a multiple of 116?
True
Is 8346206 a multiple of 9?
False
Is 998 a factor of 2577609450?
True
Does 65 divide 21550880?
True
Is 2125531247 a multiple of 2297?
True
Does 13 divide 69078462?
False
Does 4 divide 73204788?
True
Does 302 divide 123101542?
True
Is 12356132 a multiple of 23?
False
Is 467 a factor of 5736628?
True
Is 52054548 a multiple of 1092?
True
Does 3631 divide 118439589?
True
Is 42264731 a multiple of 24?
False
Is 5 a factor of 857034343?
False
Does 14 divide 15325536?
False
Is 326 a factor of 3493463439?
False
Is 316 a factor of 12822372?
False
Is 534 a factor of 356795547?
False
Is 30424725 a multiple of 15?
True
Does 18 divide 3707192142?
True
Is 178467734 a multiple of 4?
False
Is 1091658980 a multiple of 3943?
True
Is 1484107463 a multiple of 17?
True
Does 1319 divide 3654006775?
False
Does 68 divide 71262096?
True
Does 879 divide 309485352?
True
Is 627277 a multiple of 44?
False
Is 14246496 a multiple of 22?
True
Does 2554 divide 1559653734?
True
Is 8720582 a multiple of 208?
False
Is 8169 a factor of 1569779547?
True
Does 1315 divide 170018980?
True
Does 276 divide 22654632?
True
Is 48 a factor of 192283056?
True
Does 592 divide 171525234?
False
Does 245 divide 24621326?
False
Is 98 a factor of 104670370?
True
Is 202 a factor of 38654316?
True
Does 127 divide 299653706?
True
Is 33 a factor of 20063769?
True
Is 1321 a factor of 38676238?
True
Is 2618878118 a multiple of 6793?
True
Does 10 divide 95009400?
True
Does 2951 divide 228994901?
False
Is 35 a factor of 187418?
False
Is 13 a factor of 17709406?
True
Is 20085113 a multiple of 974?
False
Is 7 a factor of 27626487?
True
Is 88702844 a multiple of 2790?
False
Does 6 divide 125884776?
True
Is 23091191 a multiple of 12?
False
Does 51 divide 942872649?
True
Does 342 divide 469152208?
False
Is 3268606682 a multiple of 214?
True
Is 172 a factor of 95224704?
True
Is 10935099 a multiple of 157?
False
Is 33000714 a multiple of 1396?
False
Does 1405 divide 696626837?
False
Does 3658 divide 246863788?
True
Does 6170 divide 755241956?
False
Is 1681573400 a multiple of 25?
True
Is 9 a factor of 1020728689?
False
Is 469953792 a multiple of 1296?
False
Does 1314 divide 336915345?
False
Is 21 a factor of 1120541841?
False
Is 36 a factor of 1061603568?
True
Does 13 divide 67640142?
False
Is 79144978 a multiple of 2703?
False
Is 2311 a factor of 112790666?
True
Does 296 divide 126752205?
False
Does 35 divide 65213669?
False
Does 11 divide 732404134?
True
Does 20 divide 3685900?
True
Does 4 divide 35736356?
True
Is 139556120 a multiple of 116?
True
Is 23372349 a multiple of 11?
True
Does 22 divide 67392806?
False
Is 1379 a factor of 1273513395?
True
Does 6 divide 76151800?
False
Is 281100536 a multiple of 109?
True
Is 1007782286 a multiple of 539?
False
Is 2800 a factor of 46477682?
False
Does 23 divide 215182342?
True
Is 7 a factor of 320003806?
False
Is 19276414 a multiple of 102?
False
Is 59472638 a multiple of 87?
False
Is 5844671 a multiple of 3491?
False
Is 322 a factor of 2991675596?
True
Is 799307722 a multiple of 1052?
False
Is 47 a factor of 293335353?
False
Is 2431 a factor of 666572907?
True
Does 4056 divide 72991104?
False
Is 6020387970 a multiple of 10?
True
Does 16 divide 18066816?
True
Is 1210 a factor of 89670680?
True
Is 14 a factor of 79716673?
False
Is 3433517 a multiple of 140?
False
Is 107 a factor of 365792009?
False
Does 14 divide 10271240?
True
Is 3698 a factor of 25922980?
True
Is 604660518 a multiple of 4691?
True
Does 586 divide 93339252?
True
Is 47337541 a multiple of 281?
True
Does 19 divide 16689277?
True
Is 4321082 a multiple of 936?
False
Is 46 a factor of 438218729?
False
Does 75 divide 2184824775?
True
Is 36 a factor of 39189204?
True
Does 289 divide 29496313?
False
Is 57595479 a multiple of 57?
True
Is 41827940 a multiple of 169?
False
Does 28 divide 289912326?
False
Does 65 divide 3768115?
True
Is 907 a factor of 309132810?
True
Does 32 divide 21316256?
True
Does 11 divide 205099542?
False
Is 64 a factor of 121772224?
True
Is 9985756 a multiple of 11?
True
Does 370